{"id":34,"date":"2007-09-25T15:31:37","date_gmt":"2007-09-25T15:31:37","guid":{"rendered":"http:\/\/blog.milamberspace.net\/index.php\/jmeter-test-de-charges-dun-site-web-mode-demploi"},"modified":"2013-08-22T12:49:28","modified_gmt":"2013-08-22T11:49:28","slug":"jmeter-test-de-charges-dun-site-web-mode-demploi","status":"publish","type":"page","link":"https:\/\/blog.milamberspace.net\/index.php\/jmeter-pages\/jmeter-test-de-charges-dun-site-web-mode-demploi","title":{"rendered":"JMeter &#8211; Test de charges"},"content":{"rendered":"<p><span style=\"text-decoration: underline;\"><strong>JMeter : Test de charge d&rsquo;un site Web, mode d&#8217;emploi <\/strong><\/span><\/p>\n<p><strong><span style=\"color: #993300;\"><em>Les pages suivantes vous montrent comment utiliser JMeter pour faire un test de charge, vous trouverez \u00e9galement \u00e0 cette page, <a href=\"http:\/\/blog.milamberspace.net\/index.php\/jmeter-pages\" target=\"_self\">l&rsquo;ensemble des articles ou billet relatifs \u00e0 JMeter et \u00e0 son utilisation<\/a> propos\u00e9s sur ce site.<\/em><\/span><\/strong><\/p>\n<p>Vous devez faire un <strong>test de charge pour un site Web<\/strong>, voici un petit mode d&#8217;emploi en utilisant l&rsquo;outil de test <strong><a href=\"http:\/\/jmeter.apache.org\/\" target=\"_blank\">Apache JMeter<\/a><\/strong><em><\/em><\/p>\n<p>La r\u00e9alisation d&rsquo;un test de charge passe par quelques \u00e9tapes :<\/p>\n<ol>\n<li>Tout d&rsquo;abord, on commence par identifier son sc\u00e9nario fonctionnel, c&rsquo;est-\u00e0-dire les \u00e9crans et leurs encha\u00eenements que le robot de test devra ex\u00e9cuter automatiquement.<\/li>\n<li>Puis on \u00ab\u00a0jmeterise\u00a0\u00bb le sc\u00e9nario fonctionnel, c&rsquo;est-\u00e0-dire que l&rsquo;on va transformer une session \u00ab\u00a0mod\u00e8le\u00a0\u00bb de navigation de son sc\u00e9nario fonctionnel en \u00ab\u00a0instructions\u00a0\u00bb JMeter. On s&rsquo;aidera d&rsquo;une fonctionnalit\u00e9 tr\u00e8s pratique de JMeter : le serveur HTTP Proxy.<\/li>\n<li>Une fois la navigation jmeteris\u00e9e, on proc\u00e8de \u00e0 quelques affinages et r\u00e9glages.<\/li>\n<li>Et pour finir, on lance son test de charge.<\/li>\n<\/ol>\n<p>Bon courage.<\/p>\n<p>Les liens pour ces 4 \u00e9tapes :<\/p>\n<ol>\n<li><a href=\"http:\/\/blog.milamberspace.net\/index.php\/jmeter-test-de-charges-dun-site-web-mode-demploi\/jmeter-preparer-son-scenario-fonctionnel\">JMeter : Pr\u00e9parer son sc\u00e9nario fonctionnel<\/a><\/li>\n<li><a href=\"http:\/\/blog.milamberspace.net\/index.php\/jmeter-test-de-charges-dun-site-web-mode-demploi\/jmeteriser-son-scenario-fonctionnel\">JMeter : \u00ab\u00a0Jmeteriser\u00a0\u00bb son sc\u00e9nario fonctionnel<\/a><\/li>\n<li><a href=\"http:\/\/blog.milamberspace.net\/index.php\/jmeter-test-de-charges-dun-site-web-mode-demploi\/affinage-du-scenario-de-tests\">JMeter : Affinage du sc\u00e9nario de tests<\/a><\/li>\n<li><a href=\"http:\/\/blog.milamberspace.net\/index.php\/jmeter-test-de-charges-dun-site-web-mode-demploi\/executer-son-scenario-de-tir-de-charges\">JMeter : Ex\u00e9cuter son sc\u00e9nario de tir de charge<\/a><\/li>\n<\/ol>\n<p>.\/<\/p>\n","protected":false},"excerpt":{"rendered":"<p>JMeter : Test de charge d&rsquo;un site Web, mode d&#8217;emploi Les pages suivantes vous montrent comment utiliser JMeter pour faire un test de charge, vous trouverez \u00e9galement \u00e0 cette page, l&rsquo;ensemble des articles ou billet relatifs \u00e0 JMeter et \u00e0 son utilisation propos\u00e9s sur ce site. Vous devez faire un test de charge pour un &hellip; <a href=\"https:\/\/blog.milamberspace.net\/index.php\/jmeter-pages\/jmeter-test-de-charges-dun-site-web-mode-demploi\" class=\"more-link\">Continuer la lecture de <span class=\"screen-reader-text\">JMeter &#8211; Test de charges<\/span><\/a><\/p>\n","protected":false},"author":1,"featured_media":0,"parent":85,"menu_order":2,"comment_status":"closed","ping_status":"closed","template":"","meta":{"footnotes":""},"class_list":["post-34","page","type-page","status-publish","hentry"],"_links":{"self":[{"href":"https:\/\/blog.milamberspace.net\/index.php\/wp-json\/wp\/v2\/pages\/34","targetHints":{"allow":["GET"]}}],"collection":[{"href":"https:\/\/blog.milamberspace.net\/index.php\/wp-json\/wp\/v2\/pages"}],"about":[{"href":"https:\/\/blog.milamberspace.net\/index.php\/wp-json\/wp\/v2\/types\/page"}],"author":[{"embeddable":true,"href":"https:\/\/blog.milamberspace.net\/index.php\/wp-json\/wp\/v2\/users\/1"}],"replies":[{"embeddable":true,"href":"https:\/\/blog.milamberspace.net\/index.php\/wp-json\/wp\/v2\/comments?post=34"}],"version-history":[{"count":18,"href":"https:\/\/blog.milamberspace.net\/index.php\/wp-json\/wp\/v2\/pages\/34\/revisions"}],"predecessor-version":[{"id":1356,"href":"https:\/\/blog.milamberspace.net\/index.php\/wp-json\/wp\/v2\/pages\/34\/revisions\/1356"}],"up":[{"embeddable":true,"href":"https:\/\/blog.milamberspace.net\/index.php\/wp-json\/wp\/v2\/pages\/85"}],"wp:attachment":[{"href":"https:\/\/blog.milamberspace.net\/index.php\/wp-json\/wp\/v2\/media?parent=34"}],"curies":[{"name":"wp","href":"https:\/\/api.w.org\/{rel}","templated":true}]}}